is the highest common divisor of 1273 and 19?
19
Calculate the highest common divisor of 205 and 82.
41
Calculate the highest common divisor of 11790 and 150.
30
What is the highest common divisor of 7596 and 24?
12
What is the greatest common divisor of 4 and 908?
4
Calculate the greatest common factor of 234 and 806.
26
What is the highest common factor of 39787 and 22?
11
Calculate the highest common factor of 104 and 130.
26
Calculate the greatest common divisor of 7356 and 12.
12
Calculate the greatest common factor of 39 and 1027.
13
Calculate the greatest common divisor of 65 and 15145.
65
Calculate the greatest common divisor of 153 and 136.
17
Calculate the greatest common factor of 108 and 1308.
12
Calculate the greatest common factor of 70 and 28.
14
Calculate the greatest common factor of 49693 and 229.
229
What is the highest common factor of 272 and 340?
68
Calculate the greatest common divisor of 168 and 966.
42
What is the greatest common divisor of 41 and 943?
41
What is the highest common divisor of 380 and 95?
95
What is the highest common divisor of 80 and 10320?
80
What is the highest common factor of 576 and 200?
8
What is the greatest common factor of 99 and 165?
33
Calculate the highest common factor of 567 and 81.
81
Calculate the greatest common divisor of 2929 and 1616.
101
Calculate the highest common divisor of 921 and 18.
3
What is the highest common factor of 26 and 10?
2
What is the greatest common factor of 210 and 60?
30
Calculate the greatest common factor of 6937 and 7.
7
What is the greatest common factor of 6441 and 57?
57
What is the greatest common factor of 33 and 1573?
11
What is the greatest common divisor of 26 and 1742?
26
Calculate the greatest common factor of 22 and 429.
11
Calculate the highest common divisor of 552 and 16.
8
What is the highest common factor of 51 and 119?
17
What is the highest common divisor of 11 and 24398?
11
What is the greatest common divisor of 343 and 117649?
343
Calculate the highest common factor of 414 and 92.
46
Calculate the greatest common divisor of 54 and 27.
27
Calculate the greatest common factor of 32 and 208.
16
Calculate the highest common divisor of 648 and 8.
8
What is the greatest common factor of 986 and 102?
34
What is the greatest common factor of 205 and 7913?
41
What is the greatest common divisor of 176 and 488?
8
What is the greatest common divisor of 190 and 152?
38
What is the greatest common factor of 195 and 15?
15
Calculate the greatest common divisor of 3975 and 159.
159
What is the greatest common factor of 4329 and 39?
39
What is the greatest common factor of 18 and 2286?
18
Calculate the greatest common factor of 275 and 99.
11
What is the greatest common divisor of 5076 and 8?
4
What is the highest common factor of 47 and 376?
47
What is the greatest common divisor of 255 and 1173?
51
What is the greatest common divisor of 5 and 25?
5
What is the greatest common factor of 583 and 55?
11
Calculate the greatest common divisor of 58050 and 27.
27
Calculate the greatest common divisor of 2329 and 137.
137
What is the greatest common divisor of 93 and 22599?
93
What is the highest common factor of 1232 and 2618?
154
Calculate the greatest common divisor of 36 and 28.
4
Calculate the highest common divisor of 6 and 74.
2
What is the greatest common divisor of 66 and 363?
33
Calculate the highest common factor of 10 and 1030.
10
What is the highest common divisor of 870 and 75?
15
What is the greatest common factor of 33 and 2926?
11
Calculate the highest common factor of 492 and 168.
12
Calculate the greatest common divisor of 52 and 62140.
52
What is the highest common divisor of 120 and 4440?
120
Calculate the highest common factor of 105 and 63.
21
What is the greatest common factor of 660 and 460?
20
What is the greatest common factor of 23 and 368?
23
What is the greatest common factor of 29 and 58?
29
What is the greatest common divisor of 528 and 330?
66
What is the greatest common divisor of 2288 and 1040?
208
What is the highest common factor of 1404 and 52?
52
What is the highest common factor of 2074 and 374?
34
What is the highest common factor of 7 and 2317?
7
What is the highest common factor of 16 and 2732?
4
Calculate the highest common factor of 11 and 4279.
11
Calculate the highest common divisor of 65 and 247.
13
What is the greatest common factor of 8 and 216?
8
What is the greatest common factor of 54 and 2010?
6
What is the highest common divisor of 468 and 396?
36
Calculate the greatest common divisor of 2 and 43.
1
Calculate the greatest common divisor of 2289 and 63.
21
What is the highest common factor of 20 and 830?
10
What is the highest common factor of 72 and 40?
8
Calculate the highest common factor of 2 and 89.
1
What is the highest common divisor of 40 and 256?
8
What is the highest common factor of 1494 and 8300?
166
What is the highest common factor of 129 and 267?
3
Calculate the greatest common factor of 3720 and 480.
120
Calculate the greatest common factor of 396 and 2277.
99
What is the greatest common factor of 25 and 775?
25
What is the highest common divisor of 112 and 98?
14
What is the greatest common divisor of 1300 and 52?
52
What is the highest common divisor of 62 and 155?
31
What is the greatest common factor of 17 and 493?
17
What is the highest common factor of 39 and 1339?
13
What is the greatest common divisor of 9128 and 42?
14
Calculate the highest common factor of 5445 and 90.
45
What is the highest common factor of 832 and 91?
13
What is the greatest common factor of 1349 and 355?
71
Calculate the greatest common divisor of 123 and 697.
41
Calculate the highest common divisor of 4 and 22.
2
Calculate the greatest common divisor of 350 and 400.
50
What is the highest common factor of 4 and 472?
4
What is the highest common divisor of 500 and 60?
20
What is the highest common divisor of 1134 and 35?
7
What is the highest common divisor of 3760 and 141?
47
Calculate the highest common divisor of 34 and 6.
2
What is the highest common divisor of 822 and 6439?
137
Calculate the greatest common divisor of 1930 and 10.
10
Calculate the highest common divisor of 30 and 75.
15
What is the greatest common divisor of 3 and 937?
1
What is the greatest common factor of 4534 and 2?
2
Calculate the greatest common divisor of 47 and 329.
47
Calculate the highest common factor of 3774 and 68.
34
Calculate the greatest common divisor of 721 and 112.
7
Calculate the greatest common factor of 33 and 176.
11
What is the highest common factor of 28 and 812?
28
Calculate the highest common factor of 6 and 1761.
3
Calculate the greatest common factor of 730 and 9344.
146
Calculate the greatest common divisor of 378 and 72.
18
Calculate the highest common factor of 7 and 987.
7
Calculate the highest common divisor of 1512 and 13176.
216
Calculate the highest common divisor of 111 and 5217.
111
What is the greatest common factor of 2248 and 1967?
281
Calculate the highest common factor of 22 and 979.
11
Calculate the highest common divisor of 2360 and 40.
40
What is the greatest common divisor of 14260 and 115?
115
What is the highest common divisor of 712 and 40?
8
Calculate the highest common factor of 902 and 164.
82
What is the highest common divisor of 102 and 374?
34
What is the greatest common divisor of 10 and 5940?
10
What is the greatest common divisor of 16 and 432?
16
Calculate the highest common divisor of 98 and 112.
14
Calculate the highest common divisor of 60 and 1290.
30
What is the highest common factor of 102 and 2550?
102
Calculate the greatest common divisor of 22 and 209.
11
What is the greatest common factor of 80 and 1640?
40
What is the greatest common divisor of 572 and 52?
52
Calculate the highest common divisor of 108 and 516.
12
What is the highest common divisor of 189 and 7?
7
Calculate the greatest common divisor of 10 and 245.
5
What is the greatest common factor of 252 and 5964?
84
Calculate the greatest common factor of 5271 and 63.
21
Calculate the greatest common divisor of 36 and 4068.
36
Calculate the greatest common factor of 29 and 290.
29
Calculate the greatest common divisor of 1647 and 108.
27
What is the highest common factor of 1334 and 58?
58
What is the highe